ghest common divisor of 1340 and i?
20
Let i(g) = 6*g + 52. Let b be i(-7). Let s(v) = v**3 + 9*v**2 - 4*v - 2. Let x be s(-9). Let l = x - 24. Calculate the greatest common divisor of l and b.
10
Suppose 6*j = -5*n + 2*j + 404, j + 79 = n. Calculate the highest common factor of 450 and n.
10
Let d = -201 + 221. Suppose g + 5 - 225 = 0. Calculate the greatest common divisor of g and d.
20
Let c = 1 - -3. Suppose 0 = -c*o + 4*h + 468, -o = 2*o + 2*h - 326. Suppose -64*l + 1126 = -1709 + 787. Calculate the greatest common factor of o and l.
16
Suppose 0 = 3*m + 474 + 354. Let r = 336 + m. Let q be (-2679)/(-152) - 3/(-8). What is the greatest common divisor of q and r?
6
Let m(y) = -6*y**2 + 89*y + 48. Let w be m(15). Suppose -i = -2*f + i + 4, 0 = f - 2*i - 1. What is the greatest common factor of w and f?
3
Let p be ((-7 - 182/(-21))/(-5))/(2/(-108)). Calculate the greatest common factor of 813 and p.
3
Let l(y) = 8 + y + 1 - 38 - 2*y. Let r be l(-8). Let g be (((-20)/3)/4)/(7/r). What is the greatest common factor of g and 65?
5
Let j be (-20 - -7)*(-3 - (-6 + 2)). Let q(f) = -3*f**3 - 40*f**2 - 13*f + 23. Let w be q(j). Calculate the greatest common divisor of 23 and w.
23
Let i be (12/(-21))/(-3 - 1 - 189/(-49)). What is the greatest common factor of 256 and i?
4
Let r = 19316 + -19261. What is the highest common factor of r and 484?
11
Let h(n) = 25*n - 13. Let s be h(8). Suppose 2*f = -2, -3*k - k + f = -177. Let c = k - 27. What is the highest common divisor of s and c?
17
Suppose -5*b + 4*b = 116. Let z = -36 - b. Let q be 44/1*20/z. What is the greatest common factor of 99 and q?
11
Let m be 34075/435 - (-1 + 8/6). What is the greatest common divisor of 13 and m?
13
Let m be ((-4)/(4/15))/((-36)/48). Suppose m + 4435 = 15*g. What is the highest common factor of 33 and g?
33
Let t be ((-21)/12)/((-3)/11448). Suppose d - t = -13*d. What is the highest common divisor of 9 and d?
9
Let t be ((-10)/8)/(3/(-1704)). Let u = t - -170. What is the greatest common factor of 22 and u?
22
Suppose -71*w + 13581 = -619. What is the highest common divisor of w and 950?
50
Suppose -48 = -15*c + 7*c. Suppose 4*n - 14 + c = 0. Suppose 4*b - 2*i - 424 = 0, n*b + 3*i - 404 = -2*b. What is the highest common divisor of b and 8?
8
Suppose -2*q = 4, -4*q + 1008 = 2*a - 2670. Calculate the highest common divisor of 97 and a.
97
Let i(w) be the third derivative of 13*w**4/12 + 101*w**3/6 + 32*w**2. Let o be i(5). Calculate the greatest common divisor of o and 21.
21
Suppose 0 = -1201*n + 1148*n + 196047. Calculate the greatest common factor of n and 81.
27
Suppose -4*m + 181 = -g, 4*m + 4*g - 251 = -55. Let x be 3825/4 + 2 - (-6)/8. Let z be x/21 + (-1)/(-3). Calculate the greatest common divisor of z and m.
46
Suppose -67*n + 210 = -37*n. Calculate the highest common divisor of n and 21.
7
Let b(c) = 12*c**2 + 297*c - 7. Let s be b(-25). What is the greatest common divisor of 212 and s?
4
Suppose -14*o = d - 19*o - 282, -2*o + 1084 = 4*d. Calculate the highest common divisor of 85 and d.
17
Suppose 1568 = 3328*z - 3314*z. Calculate the highest common divisor of z and 98.
14
Let i = 411 - 401. Suppose -63 = i*h - 293. What is the greatest common divisor of h and 1?
1
Let l(i) = 13*i - 196. Let p(g) = -g - 2. Let v(c) = l(c) - 4*p(c). Let q be v(16). What is the highest common factor of q and 63?
21
Suppose -2*m + 22*s = 25*s - 1959, 5*s + 3907 = 4*m. What is the greatest common divisor of 9 and m?
3
Suppose 213*u - 19343 = 20*u + 6905. Calculate the greatest common divisor of u and 3655.
17
Suppose 10*f - 140 = -840. Let a = f - -72. Calculate the greatest common factor of a and 14.
2
Suppose p + 5*j + 236 = 2*p, -3*p + 3*j = -708. What is the greatest common factor of p and 413?
59
Let p be ((-9)/(-36))/((-7)/(-224)). Let a be (0 - -1)*257 - 1. What is the greatest common factor of a and p?
8
Let h(s) = -s**2 + s + 6. Let w be h(3). Let d be (2914/124)/(1/2 - w). Calculate the highest common factor of 705 and d.
47
Let p = -5 + 8. Suppose -4*r + 140 = 4*k, k - 2*r = p*r + 35. Let c be (-2)/(-4)*(16 - 2). Calculate the greatest common factor of c and k.
7
Let n be (55/30*-15)/(4/16*-2). Let l be (37/2 - 2)*2. What is the greatest common factor of l and n?
11
Let y = -63 - -127. Suppose 66 + y = -5*f. Let p = 42 + f. What is the highest common factor of p and 128?
16
Let q = 6 - -3. Let b = -169 + 345. Suppose 0 = -3*a + b + 121. What is the highest common factor of q and a?
9
Let d be 860 - (-8 + 23 + -2). What is the greatest common divisor of 33 and d?
11
Let t(n) = n**3 + 15*n**2 - 19*n - 39. Let r = 93 + -109. Let j be t(r). What is the highest common divisor of j and 45?
9
Let y = 60 - 57. Suppose -5*o - p + 9 = 0, 2*o + y*o = -4*p + 6. Suppose -35 = -7*n + o*n. What is the greatest common factor of n and 63?
7
Let n be 1/(-5) - (-408)/15. Suppose -4*m = -m - n. Let t(h) = 2*h - 32. Let i be t(19). Calculate the greatest common divisor of m and i.
3
Let y be (-21)/(-91) + 97433/403. Suppose t + 4*t = 330. Calculate the greatest common divisor of t and y.
22
Suppose -16675 = -45*k + 22430. Calculate the greatest common factor of k and 55.
11
Let s be 9 - (4/(-12) - 13/(-3)). Suppose 5*j = 10, m - j - 208 = -s*j. Let r = m + -30. What is the greatest common divisor of r and 17?
17
Let r(n) = -n**2 - 114*n + 2146. Let d be r(-130). Calculate the highest common divisor of d and 13992.
66
Let p be -9*(-24)/108 + 152. What is the highest common factor of 10934 and p?
154
Let s be ((-256)/(-288))/((-4)/(-54)). What is the highest common divisor of 8124 and s?
12
Suppose -5*s + 320 = -115. Let v be (27753/(-319))/(6/(-8)). Calculate the greatest common factor of s and v.
29
Let w = -5 + 2. Suppose 2*a + 12 = 24. Let u = w + a. Calculate the greatest common divisor of 21 and u.
3
Let q = -9892 - -10082. Suppose -a - 15 - 5 = -x, 2*a + 100 = 5*x. What is the highest common divisor of q and x?
10
Suppose -t + 3*t + 7*t - 21978 = 0. What is the greatest common factor of 33 and t?
33
Let p(g) = -19*g + 61. Let o be (14/(-84))/((2/36)/(-1)). Let m be p(o). What is the greatest common factor of m and 14?
2
Suppose -2*t - 17 = 5*i, -136*t + 131*t + i + 25 = 0. Suppose -4*r + t*b = 2*b - 18, 24 = 5*r - b. Calculate the greatest common factor of r and 205.
5
Let w(l) = -l**3 + 20*l**2 + 9*l - 101. Let a be w(20). Suppose 4*o + a = 975. Calculate the highest common factor of 42 and o.
14
Let x = -13835 + 20989. What is the highest common divisor of x and 292?
146
Let l(m) = 5*m**2 - 5*m + 2. Let r be l(1). Suppose r*a - 358 - 56 = -2*u, u - 207 = 2*a. What is the highest common factor of 9 and u?
9
Let b(z) = 7*z**2 - 141*z + 143. Let v be b(1). What is the highest common divisor of 1557 and v?
9
Suppose -76*q + 96*q = 55620. Calculate the highest common factor of 103 and q.
103
Let k be 9/(45/(-15) - -4). What is the greatest common factor of 1041 and k?
3
Let z be (3/4)/(-6*2/(-32)). Let g be 3*(1 - -3 - 2). Let o be g*8/6 - z. What is the greatest common divisor of o and 42?
6
Let l(d) = -d**3 + 47*d**2 + 492*d - 54. Let y be l(-9). Calculate the greatest common factor of 2079 and y.
27
Let k be ((-21)/4 - -2)*-28. Let g be ((-30)/40)/((-4)/112). What is the highest common divisor of k and g?
7
Suppose 2*p = -3*u + 64, 3*u = 2*u + 5*p - 7. Suppose -j = 2*j - 3*n + 186, -5*j = 4*n + 319. Let f = 108 + j. Calculate the highest common divisor of f and u.
9
Suppose 40*m + 1216 = -184. Let b(u) = 5*u**2 + 3*u. Let z be b(-5). Let x = m + z. What is the highest common divisor of x and 15?
15
Let q = -708 - -1203. Suppose 5*v = -6*v + q. What is the greatest common divisor of 162 and v?
9
Let v(u) = 35*u**2 + 169*u + 24. Let m be v(-12). What is the highest common factor of m and 528?
132
Suppose 4*z = 3*m + 433, -64*m + 326 = 3*z - 66*m. What is the greatest common divisor of z and 752?
16
Suppose -i = 23 - 27. Let k(z) = 3*z**3 - 3*z**2 + 2*z - 33. Let y be k(i). What is the highest common divisor of 7 and y?
7
Let l be 570*((-2)/7 + 3192/882). Calculate the greatest common factor of l and 300.
100
Suppose 410*l + 400*l - 792*l - 1656 = 0. Calculate the greatest common factor of l and 8878.
46
Let s(y) be the first derivative of -y**4 + 32*y**3/3 + 6*y**2 - 19*y - 137. L